termine h(2).
5
Let m = 6737 + -6749. Let v(c) = c**3 + 16*c**2 + 45*c - 7. Determine v(m).
29
Suppose 0 = -16*n + 19 - 51. Let s(p) = 3*p**3 + p + 3*p - 2*p + 2*p + 3. What is s(n)?
-29
Suppose -z = -2*z + 4. Suppose -4*i = -4*s - 20, -z*s + 8 = -0. Let r(a) = -i*a - 6*a + 11*a - 3. What is r(-2)?
1
Let m(a) be the third derivative of -a**4/12 - 4*a**3/3 - 1194*a**2. Give m(-3).
-2
Let m be (9/(2/2) - -3) + -2. Suppose -85 = -7*p - m*p. Let f(t) = t + 2. Give f(p).
7
Let h(r) be the third derivative of -r**4/6 + 11*r**3/3 + 375*r**2. Give h(4).
6
Let r(x) = 2*x. Suppose 5*m + 0*m + 5*a - 15 = 0, 0 = 3*m - 5*a - 25. Suppose m*o - 6*o - 38 = 0. Let u = 39 + o. Determine r(u).
2
Let a(l) = 6*l + 17. Let n be a(-2). Suppose -n + 13 = 8*m. Let p(c) = 3*c + 3. Let v be p(m). Let x(s) = s**3 - 6*s**2 - s + 1. Calculate x(v).
-5
Let k(r) = 134 - 2*r + 159 - 299. Let y be (0/2 + 6)*-1. Let g be 6*(-3)/y - 9. What is k(g)?
6
Suppose 27 = -14*u - 43. Let z(p) = p**2 + 12*p + 13. Let y be z(-11). Let k(q) = q**3 - 8*q**y + 24*q**2 - 11*q**2 - 3. Give k(u).
-3
Let g(d) = d - 1067 + 682 + 384. Let m = 29 - 18. Give g(m).
10
Suppose -30*q + 32*q = 122. Suppose 44*o - 281 = -q. Let c(h) = -h**2 + 5*h + 8. What is c(o)?
8
Suppose -24 = -17*d + 13*d. Let h(f) be the second derivative of -f**4/12 + 5*f**3/6 + 13*f**2/2 + 1034*f. What is h(d)?
7
Let x = 787 + -786. Let u(t) be the first derivative of 22*t**2 - t - 11. Give u(x).
43
Let h(z) = -z**3 + z**2 + z - 3. Let w be (18 - 11)/(2/(-10)). Let n be w/(-15) + 1/(-3). Suppose 0 = -t - a + 2, -t + 3*a = -n*a + 10. What is h(t)?
-3
Let t(x) be the first derivative of x**5/15 - x**4/12 - 44*x**3/3 - x**2/2 + 78. Let l(d) be the third derivative of t(d). Give l(-3).
-26
Let o = -37193 - -37186. Let w(c) = -6*c - 31. Determine w(o).
11
Suppose -3*l - 4*u + 31 = -0*u, -4*u + 41 = 5*l. Suppose -4*s + 20 = 4*w - 0*s, -l*s = 0. Let k(f) = -f + 7. What is k(w)?
2
Suppose -12*s + 47 = -11*s. Let t = s + -45. Let x(d) = 8*d**2 - 2*d - 1. What is x(t)?
27
Let s be ((-15)/10)/(1/(-6)). Let z = -3 + s. Let c(j) = 0 - 1 + 2*j**2 + z*j + j - 1. What is c(-5)?
13
Suppose 2*x - 13 = 5*t + 3*x, -4*x = -8. Let f be 3/(-5 - -2) + 5. Let g(m) = -2*m**2 - 93*m**3 + 7*m + 46*m**3 + f + 46*m**3 - 2*m. Determine g(t).
-2
Let d(o) = -o**3 - 3*o**2 + o + 1. Suppose 0 = -9*k + 17*k - 72. Suppose 0 = k*b - 233 - 10. Let y be b/18*4/3. Determine d(y).
-17
Let r(v) = -1 - 3 - v - 1 - 1. Let g be r(0). Let i = g + 2. Let z(b) = b**2 + b - 1. What is z(i)?
11
Let l = -4 + 1. Let s be (-22 - -26) + 2/(-1). Let n(x) = 1 + 12*x**s - 2*x + 0*x**2 - 14*x**2. Determine n(l).
-11
Suppose 4*c = -b + 52, -3*b + c + 156 = -0*c. Suppose 10*g + b = 12. Let p(h) = h**2 + 3*h + 2. Determine p(g).
6
Let b(c) = c**3 - 4*c**2 + c + 2. Let w(l) = -l**3 + 3*l**2 - 1. Let g(x) = 2*b(x) + 3*w(x). Let j be 22/44 - 39/(-6). Suppose -37 + 51 = -j*v. Calculate g(v).
9
Let g(h) be the third derivative of 3/8*h**4 + 0 + 1/3*h**3 + 0*h + 14*h**2 - 1/60*h**5. Let j be g(9). Let t(s) = -3*s + 3. Determine t(j).
-3
Let r(f) = f**3 + 10*f**2 + 13*f + 41. Let p = 16190 + -16199. Determine r(p).
5
Suppose i = 5*b + 2 + 25, 7 = -3*b - 4*i. Let z(s) = 2*s**3 + 9*s**2 - 2*s + 13. Calculate z(b).
-2
Let i = 203 + -203. Let s be -31 + 39 + (-4)/(1 - i). Let o(w) = w**2 - 2*w - 2. Give o(s).
6
Let m(c) be the first derivative of -c**5/20 + 40*c**3/3 + 58. Let t(r) be the third derivative of m(r). Calculate t(1).
-6
Let y = -3308 - -3315. Let d(l) = -l**2 + 5*l + 11. Calculate d(y).
-3
Let s(b) = 7*b - 9. Let q = -5812 + 5817. Calculate s(q).
26
Let x = 8 - 5. Let f(z) = z**2 + 19*z + 96. Let o be f(-9). Suppose -q + x*q = o. Let t(y) = -5*y + 1. Determine t(q).
-14
Let v(k) = -4*k - 15. Let g(j) = 4*j + 11. Let q(p) = -5*g(p) - 4*v(p). Let y be 0 + -6 + 10 + 1. Give q(y).
-15
Suppose -2*z - z = -18. Let n(w) = -854*w**2 + 2 - 41*w + 38*w + 855*w**2. Determine n(z).
20
Let c(t) = -15*t**2 - 2*t + 2. Suppose 5*i + 9 = -4*o, 2*i + 30*o = 26*o - 6. Give c(i).
-11
Let x(z) be the first derivative of z**4 + 2*z**3/3 - z**2/2 - 2. Suppose 3*k - 204 = -138. Suppose k = 6*h + 34. What is x(h)?
-22
Suppose r = -2 + 5. Let d(x) = -x - 6*x**r + 12 + 7*x**2 - 18 + 3*x**3. Let g(s) = -2*s**3 + 7*s**2 - s - 5. Let l(j) = 3*d(j) - 4*g(j). Determine l(-7).
-5
Let v = 367 - 364. Let r(i) = -i**2 + 67*i**3 + 68*i**3 + 2 + 13 + 6 - 136*i**v. What is r(0)?
21
Let b(h) = 61*h**2 + 10*h - 19. Let k(m) = -73*m**2 - 11*m + 23. Let s(x) = -6*b(x) - 5*k(x). Let n be -5 + 2 + (-2)/2. Determine s(n).
3
Let o(g) = -2*g**2 - 3*g + 3. Let l(r) = -r**3 + 19*r**2 - 11*r - 7. Let w(v) = -l(v) - 2*o(v). Give w(14).
43
Let a(u) = -17*u**3 - 3*u**2 + 30*u + 5. Let f(t) = -18*t**3 - 2*t**2 + 22*t + 4. Let q(s) = -3*a(s) + 4*f(s). Determine q(1).
-21
Suppose 3 = 5*l - 7. Let z(m) = 9 + 2*m - 5*m + 6*m**l + 114*m**3 - 115*m**3. Suppose 2856*i - 2854*i = 12. What is z(i)?
-9
Let w(p) be the third derivative of p**4/6 - 22*p**3 + 171*p**2. Let b be w(34). Let v(x) = -2*x**2 + 2*x + 6. Give v(b).
-18
Let u = -502 + 505. Let n(y) = -y - y - 2 + 4 + u - 3. Calculate n(-4).
10
Let k(n) be the second derivative of -n**4/12 + 2*n**3/3 + 5*n**2/2 + 3*n. Let q = -1240 - -1244. Give k(q).
5
Suppose 0 = -4*i - h + 4 - 19, -2*i + 9 = -5*h. Let k be 495/45*i*2/(-6). Let w(v) = -v**2 + 12*v + 9. Calculate w(k).
20
Let z(h) = h**2 + 11*h - 35. Let g be ((-12)/15)/((-176)/660). Determine z(g).
7
Let s(q) = -5*q - 84. Let w be s(-20). Let y(a) = 2*a**2 + 2*a + 1. Let o(t) = -t**3 + 9*t**2 - 24*t - 6. Let l(g) = o(g) + 4*y(g). Calculate l(w).
-2
Let t(o) = o**2 + 2*o + 3. Let q(p) = 4*p**2 + 4*p + 9. Let k(g) = 2*q(g) - 7*t(g). Let y(j) = -j - 1. Let s(w) = k(w) - 3*y(w). Give s(2).
-2
Let t(r) be the first derivative of -r**3/3 + 17*r**2/2 - 34*r - 481. What is t(3)?
8
Let b = 46 + -58. Suppose 5*z + 51 = -4*v, 4*v + 2*z + 53 = 11. Let g = b - v. Let s(i) = -2*i**3 - 4*i**2 + 2*i + 3. Give s(g).
15
Let a(k) = 13*k**2 - 19*k - 787*k**3 + 1561*k**3 + 14 - 775*k**3. Determine a(12).
-70
Let s(b) = -b**2 - 6*b + 8. Let q be -1 - -7 - (-10 + 6)/(-1). Suppose 14 = 2*x - 4*x + q*f, 4*f - 7 = x. What is s(x)?
1
Let u(b) = 8*b**2 - 443*b + 10*b**2 + 442*b + 33 - 10. Determine u(0).
23
Let b(o) = 0*o + 3*o - 2*o. Suppose -5*g + u + 34 = 0, -27*g - 7*u = -28*g. What is b(g)?
7
Let i(g) be the first derivative of -4*g**2 + 145*g + 220. Calculate i(18).
1
Let v(o) = -o**3 + 9*o**2 - 15*o - 4. Suppose -680*t = 3*h - 684*t + 15, 33 = h + 5*t. Calculate v(h).
5
Let d(v) = -24*v + 10. Let w(t) = 67*t - 30. Let q(h) = -8*d(h) - 3*w(h). Calculate q(2).
-8
Let c(i) = i**3 + 3*i**2 - 2*i + 2. Let w(q) = 11*q**3 - 9*q**2 + 4*q + 3. Let f be w(3). Let v be (-735)/f + (-4)/(-22). Determine c(v).
8
Let b(n) be the first derivative of -n**3/6 + 17*n**2/2 + 410*n - 276. Let x(i) be the first derivative of b(i). Let h(y) = -3*y. Let r be h(-4). Give x(r).
5
Suppose p + 5*h - 717 = -706, -3*h = p - 5. Let z(j) = 18*j + 20. Let q(i) = -6*i - 7. Let o(l) = 10*q(l) + 3*z(l). Give o(p).
14
Let f(c) = c**2 - 2*c - 18. Let m be f(5). Let a(r) be the first derivative of 1/3*r**3 + 6 + 2*r**2 + 3*r. Calculate a(m).
0
Let f(k) be the third derivative of -k**5/60 - 9*k**4/8 - 32*k**3/3 + 11*k**2 + 66. Determine f(-24).
8
Let q(p) be the second derivative of -2*p**3/3 - 2*p**2 - 16*p + 34. Determine q(3).
-16
Let u(n) = 5*n**3 + 15*n**2 - 5*n - 4. Let p(m) = -11*m**3 - 30*m**2 + 9*m + 7. Let q(s) = -6*p(s) - 13*u(s). Calculate q(14).
-32
Let a(q) = -q - 1. Let b(i) = -4*i + 76. Let c = -150 - -171. Let d be b(c). Calculate a(d).
7
Let d(z) = 86*z + 87. Let y(v) = 288*v + 261. Let c(q) = -10*d(q) + 3*y(q). Determine c(23).
5
Let p(s) = s**3 + 0*s**3 - 4*s**2 - 3*s**2 - 2 + 0 + 5*s. Let w = 7217 + -7211. Give p(w).
-8
Let p = 3474 - 3476. Let t(w) = -3*w - 10. Let k(l) = -1. Let c(h) = -3*k(h) + t(h). Give c(p).
-1
Suppose -34*q + 50 = -9*q. Let r(b) = -5*b - 2059 - b**q + 3*b + 2058. Calculate r(0).
-1
Let c(x) be the second derivative of -5/6*x**3 + 5*x + 15 + 2*x**2. Suppose -2*w = 2*k + 2*w + 8, -8 = 2*k + w. Determine c(k).
24
Suppose 3*i - 21 = -3*f, -27*i - 5*f = -23*i - 34. Let j(h) be the first derivative of -16*h**3/3 + h**2/2 - h - 1. Calculate j(i).
-16
Let d(n) = 1